tiple of 102?
False
Does 1221 divide 14452977?
True
Is 9093 a factor of 485640520?
False
Is 103 a factor of 66765912?
False
Does 92 divide 25259612?
True
Is 334 a factor of 391306499?
False
Is 79 a factor of 106501357?
False
Does 210 divide 1127589960?
True
Does 50 divide 40513969?
False
Does 28 divide 60619552?
True
Does 168 divide 5276423051?
False
Does 9 divide 447118515?
True
Does 138 divide 19771812?
True
Does 225 divide 1511797744?
False
Does 82 divide 43342412?
True
Is 2016 a factor of 6698795?
False
Is 18145206 a multiple of 23?
True
Is 16 a factor of 186992176?
True
Is 4807 a factor of 386420309?
True
Is 3 a factor of 8766209?
False
Is 497904860 a multiple of 9324?
False
Does 30 divide 30204526?
False
Does 19 divide 1899592663?
False
Is 12 a factor of 2585437640?
False
Is 98 a factor of 35543326?
True
Is 646640928 a multiple of 10?
False
Does 12 divide 133226651?
False
Does 8 divide 659592448?
True
Is 56 a factor of 395636584?
True
Does 6319 divide 1052390833?
False
Is 45563740 a multiple of 10?
True
Is 2700144 a multiple of 39?
False
Is 2579 a factor of 1997427763?
True
Is 580354005 a multiple of 1287?
False
Does 6 divide 5652606?
True
Does 2614 divide 675839244?
True
Is 246 a factor of 27903288?
True
Is 8 a factor of 11461552?
True
Does 190 divide 7972590?
True
Does 324 divide 162351061?
False
Is 4146978 a multiple of 4?
False
Is 38782039 a multiple of 9?
False
Is 27429150 a multiple of 2114?
True
Is 12 a factor of 114376346?
False
Is 102467269 a multiple of 3?
False
Is 341150373 a multiple of 9?
True
Does 19 divide 185235180?
True
Does 79 divide 293043778?
False
Is 7 a factor of 6165264?
True
Is 10438680 a multiple of 516?
True
Is 6 a factor of 35113845?
False
Is 30020237 a multiple of 1087?
False
Is 1832636298 a multiple of 122?
True
Is 131 a factor of 36718776?
True
Is 1031959410 a multiple of 5?
True
Is 320 a factor of 885796058?
False
Is 100037336 a multiple of 3?
False
Is 47063760 a multiple of 152?
True
Does 8 divide 16237536?
True
Is 46 a factor of 1119904040?
True
Is 26745192 a multiple of 18?
True
Is 3386473082 a multiple of 13?
False
Does 126 divide 6195168?
True
Does 379 divide 167084424?
True
Does 402 divide 457810464?
True
Does 1604 divide 81432947?
False
Is 251482992 a multiple of 12?
True
Is 34321365 a multiple of 65?
True
Is 67032220 a multiple of 10?
True
Does 344 divide 3579653211?
False
Is 118 a factor of 705050?
True
Is 34 a factor of 1494142070?
True
Does 6 divide 32158229?
False
Is 2928 a factor of 13969488?
True
Is 117611446 a multiple of 245?
False
Does 3163 divide 3093066070?
True
Is 6400212 a multiple of 52?
True
Is 286760002 a multiple of 8?
False
Is 1289248979 a multiple of 102?
False
Is 403875680 a multiple of 20?
True
Is 1519699292 a multiple of 43?
True
Does 58 divide 13820124?
True
Is 1257689401 a multiple of 313?
True
Is 40961055 a multiple of 95?
True
Is 2392 a factor of 124020416?
True
Is 975 a factor of 13280475?
True
Does 7 divide 171546718?
True
Is 338 a factor of 627812755?
False
Does 1070 divide 64073685?
False
Is 93770186 a multiple of 43?
True
Does 3391 divide 58645795?
False
Is 12737187 a multiple of 4?
False
Is 13 a factor of 152103468?
False
Does 3266 divide 368321187?
False
Is 146 a factor of 25866769?
False
Is 2751 a factor of 161080126?
False
Is 61 a factor of 959894658?
True
Is 978 a factor of 3365400690?
True
Is 1345293862 a multiple of 22?
True
Is 859 a factor of 69787924?
False
Is 86 a factor of 209332615?
False
Is 75717439 a multiple of 17?
True
Does 290 divide 65695253?
False
Does 107 divide 1003353783?
False
Does 153 divide 10838668?
False
Does 62 divide 2491477718?
False
Does 500 divide 162583000?
True
Is 182485847 a multiple of 2400?
False
Is 16 a factor of 151618352?
True
Is 3748412782 a multiple of 12997?
True
Does 8 divide 1216227477?
False
Is 52156260 a multiple of 1116?
True
Does 70 divide 15391530?
True
Does 3 divide 1945050?
True
Is 69811320 a multiple of 1340?
True
Is 4564 a factor of 1760187277?
False
Is 4062 a factor of 806166784?
False
Is 67 a factor of 61837538?
False
Is 185990203 a multiple of 73?
True
Is 205 a factor of 1459783475?
True
Is 1228220921 a multiple of 10?
False
Is 763 a factor of 1173827189?
False
Is 1799 a factor of 3137666059?
False
Does 1302 divide 1165515246?
True
Is 2054510320 a multiple of 23?
False
Does 42 divide 7306058?
False
Is 340132612 a multiple of 9?
False
Does 316 divide 257416285?
False
Is 23 a factor of 27050504?
False
Is 39649035 a multiple of 31?
False
Is 958149690 a multiple of 734?
False
Does 400 divide 91969600?
True
Is 31 a factor of 3515513706?
False
Is 52536540 a multiple of 43?
True
Is 420478026 a multiple of 774?
False
Is 428792414 a multiple of 17?
False
Is 48 a factor of 109835808?
True
Is 5547837 a multiple of 42?
False
Is 46 a factor of 1819265211?
False
Does 3 divide 34680406?
False
Is 3715584 a multiple of 256?
True
Is 22 a factor of 5353832?
True
Does 32 divide 55743104?
True
Is 6613 a factor of 836358743?
False
Is 66 a factor of 1194409346?
False
Is 10 a factor of 55406240?
True
Does 229 divide 14730425?
True
Does 36 divide 955109398?
False
Is 77 a factor of 84877562?
True
Is 31 a factor of 27868132?
True
Is 22 a factor of 218135544?
True
Does 597 divide 31624881?
True
Does 226 divide 541207325?
False
Is 501926771 a multiple of 81?
False
Is 80803919 a multiple of 109?
False
Is 725132519 a multiple of 170?
False
Does 3303 divide 64152950?
False
Is 28061388 a multiple of 398?
True
Is 5678 a factor of 314935948?
True
Is 309636882 a multiple of 4998?
False
Is 57 a factor of 151116768?
False
Is 52 a factor of 675466324?
True
Does 2338 divide 24044601?
False
Is 17274054 a multiple of 7?
True
Does 200 divide 119237000?
True
Does 978 divide 1198450980?
True
Is 28870212 a multiple of 401?
False
Is 76271086 a multiple of 1576?
False
Does 122 divide 143478710?
True
Is 31938756 a multiple of 5?
False
Is 44625335 a multiple of 97?
True
Does 913 divide 714509235?
True
Does 258 divide 5676258?
True
Is 9 a factor of 5275165?
False
Is 455357903 a multiple of 77?
True
Is 8 a factor of 278298959?
False
Does 68 divide 129113643?
False
Does 1421 divide 41538704?
False
Does 68 divide 281680344?
True
Is 7 a factor of 45353434?
True
Is 5886 a factor of 1500019532?
False
Does 156 divide 71558374?
False
Is 2906587 a multiple of 383?
True
Is 472 a factor of 2450318144?
True
Does 28 divide 56764767?
False
Is 274 a factor of 982996377?
False
Is 47 a factor of 359626889?
False
Does 85 divide 177843970?
True
Is 273380994 a multiple of 50?
False
Is 41976384 even?
True
Does 3391 divide 496862884?
True
Does 593 divide 414291148?
True
Is 22736350 a multiple of 182?
True
Is 1596 a factor of 25516848?
True
Is 138 a factor of 2372922?
False
Does 2429 divide 318881549?
True
Does 7 divide 5087395600?
True
Is 259 a factor of 302504227?
False
Does 7 divide 6388662?
True
Does 661 divide 152941602?
False
Is 8769201 a multiple of 138?
False
Is 6558 a factor of 140642868?
True
Is 1157 a factor of 56920343?
False
Is 3298928 a multiple of 5?
False
Is 8 a factor of 8157728?
True
Does 10 divide 1061444136?
False
Does 145 divide 103419800?
True
Does 15 divide 14590085?
False
Is 1146726824 a multiple of 11?
False
Is 207 a factor of 71406720?
True
Is 1471948050 a multiple of 1290?
True
Is 51 a factor of 836420859?
True
Is 1052 a factor of 12267372?
True
Is 804 a factor of 333192072?
True
Is 34 a factor of 484481698?
False
Is 10030513 a multiple of 31?
False
Is 1244 a factor of 13483264?
False
Is 957844168 a multiple of 14?
False
Is 13 a factor of 2129668?
False
Is 27 a factor of 842242077?
True
Does 963 divide 693516?
False
Is 253912452 a multiple of 4?
True
Is 236 a factor of 189458912?
True
Is 47 a factor of 4209666766?
True
Is 9346706 a multiple of 1161?
False
Is 282122222 a multiple of 301?
False
Does 76 divide 360372620?
True
Is 12 a factor of 109634952?
True
Is 14 a factor of 46539388?
True
Does 34 divide 461898908?
True
Is 487145097 a multiple of 27?
True
Does 24 divide 157543349?
False
Is 1295 a factor of 212378705?
True
Is 45249367 a multiple of 31?
True
Is 157 a factor of 288782017?
False
Does 26 divide 93751166?
False
Does 13 divide 1255825493?
True
Is 187892989 a multiple of 3226?
False
Is 68841921 a multiple of 26?
False
Is 310541006 a multiple of 1